{"id":19,"date":"2016-02-05T08:54:51","date_gmt":"2016-02-05T07:54:51","guid":{"rendered":"http:\/\/www.wolfganghenrich.de\/psychotherapie-bielefeld\/?page_id=19"},"modified":"2016-02-22T13:37:50","modified_gmt":"2016-02-22T12:37:50","slug":"arbeitsschwerpunkte","status":"publish","type":"page","link":"https:\/\/wolfganghenrich.de\/psychotherapie-bielefeld\/arbeitsschwerpunkte\/","title":{"rendered":"Arbeitsschwerpunkte"},"content":{"rendered":"<ul>\n<li>Beziehungsst\u00f6rungen Ehe- und Paartherapie<\/li>\n<li>Angst- und Panikst\u00f6rungen<\/li>\n<li>Selbstwertst\u00f6rungen<\/li>\n<li>Affektive Anpassungsst\u00f6rungen (z.B. bei\/nach lebensbedrohlichen Erkrankungen, Trennungen oder dem Tod einer geliebten Person)<\/li>\n<li>Psychosomatische St\u00f6rungen (z.B. bei Migr\u00e4ne, orthop\u00e4dische Leiden)<\/li>\n<li>(chronische) Schmerzst\u00f6rungen<\/li>\n<li>Traumatherapie aufgrund schwerer k\u00f6rperlicher Erkrankungen oder traumatischer Erlebnisse und Belastungen<\/li>\n<li>St\u00f6rungen der Sexualit\u00e4t<\/li>\n<li>Zwangsst\u00f6rungen<\/li>\n<li>Trauerarbeit<\/li>\n<\/ul>\n<hr \/>\n<ul>\n<li>Ausbildung \/Supervision (f\u00fcr Psychotherapeuten, Lehrer und soziale Fachkr\u00e4fte)<\/li>\n<\/ul>\n","protected":false},"excerpt":{"rendered":"<p>Beziehungsst\u00f6rungen Ehe- und Paartherapie Angst- und Panikst\u00f6rungen Selbstwertst\u00f6rungen Affektive Anpassungsst\u00f6rungen (z.B. bei\/nach lebensbedrohlichen Erkrankungen, Trennungen oder dem Tod einer geliebten Person) Psychosomatische St\u00f6rungen (z.B. bei Migr\u00e4ne, orthop\u00e4dische Leiden) (chronische) Schmerzst\u00f6rungen Traumatherapie aufgrund schwerer k\u00f6rperlicher Erkrankungen oder traumatischer Erlebnisse und Belastungen<\/p>\n","protected":false},"author":1,"featured_media":0,"parent":0,"menu_order":0,"comment_status":"closed","ping_status":"closed","template":"","meta":{"footnotes":""},"class_list":["post-19","page","type-page","status-publish","hentry"],"_links":{"self":[{"href":"https:\/\/wolfganghenrich.de\/psychotherapie-bielefeld\/wp-json\/wp\/v2\/pages\/19","targetHints":{"allow":["GET"]}}],"collection":[{"href":"https:\/\/wolfganghenrich.de\/psychotherapie-bielefeld\/wp-json\/wp\/v2\/pages"}],"about":[{"href":"https:\/\/wolfganghenrich.de\/psychotherapie-bielefeld\/wp-json\/wp\/v2\/types\/page"}],"author":[{"embeddable":true,"href":"https:\/\/wolfganghenrich.de\/psychotherapie-bielefeld\/wp-json\/wp\/v2\/users\/1"}],"replies":[{"embeddable":true,"href":"https:\/\/wolfganghenrich.de\/psychotherapie-bielefeld\/wp-json\/wp\/v2\/comments?post=19"}],"version-history":[{"count":4,"href":"https:\/\/wolfganghenrich.de\/psychotherapie-bielefeld\/wp-json\/wp\/v2\/pages\/19\/revisions"}],"predecessor-version":[{"id":98,"href":"https:\/\/wolfganghenrich.de\/psychotherapie-bielefeld\/wp-json\/wp\/v2\/pages\/19\/revisions\/98"}],"wp:attachment":[{"href":"https:\/\/wolfganghenrich.de\/psychotherapie-bielefeld\/wp-json\/wp\/v2\/media?parent=19"}],"curies":[{"name":"wp","href":"https:\/\/api.w.org\/{rel}","templated":true}]}}