{"id":2,"date":"2016-02-04T14:08:36","date_gmt":"2016-02-04T13:08:36","guid":{"rendered":"http:\/\/www.wolfganghenrich.de\/psychotherapie-bielefeld\/?page_id=2"},"modified":"2023-02-06T11:54:52","modified_gmt":"2023-02-06T10:54:52","slug":"startseite","status":"publish","type":"page","link":"https:\/\/wolfganghenrich.de\/psychotherapie-bielefeld\/","title":{"rendered":"Startseite"},"content":{"rendered":"<h2>Praxis f\u00fcr Psychotherapie Wolfgang Henrich<\/h2>\n<p>Es ist etwas durchaus Allt\u00e4gliches an psychischen Beschwerden zu leiden. So hat sich jeder schon einmal in einer psychischen Krise befunden oder aber scheinbar unl\u00f6sbaren Konflikten gegen\u00fcber gesehen. Wenn es dann schlie\u00dflich nicht mehr ausreicht, sich selbst in aller Ruhe Klarheit zu verschaffen oder aber mit einem vertrauten Menschen dar\u00fcber auszutauschen und man weiter unter den inneren Prozessen leidet, ist es durchaus angemessen, sich professionelle Unterst\u00fctzung in Form einer Psychotherapie zu suchen.<\/p>\n<figure id=\"attachment_330\" aria-describedby=\"caption-attachment-330\" style=\"width: 1000px\" class=\"wp-caption alignnone\"><img loading=\"lazy\" decoding=\"async\" class=\"wp-image-330 size-full\" title=\"Wolfgang Henrich Praxis f\u00fcr Psychotherapie Bielefeld\" src=\"http:\/\/www.wolfganghenrich.de\/psychotherapie-bielefeld\/wp-content\/uploads\/2016\/02\/Wolfgang-Henrich-Praxis-f\u00fcr-Psychotherapie-Bielefeld.jpg\" alt=\"Wolfgang Henrich Praxis f\u00fcr Psychotherapie Bielefeld\" width=\"1000\" height=\"667\" srcset=\"https:\/\/wolfganghenrich.de\/psychotherapie-bielefeld\/wp-content\/uploads\/2016\/02\/Wolfgang-Henrich-Praxis-f\u00fcr-Psychotherapie-Bielefeld.jpg 1000w, https:\/\/wolfganghenrich.de\/psychotherapie-bielefeld\/wp-content\/uploads\/2016\/02\/Wolfgang-Henrich-Praxis-f\u00fcr-Psychotherapie-Bielefeld-300x200.jpg 300w, https:\/\/wolfganghenrich.de\/psychotherapie-bielefeld\/wp-content\/uploads\/2016\/02\/Wolfgang-Henrich-Praxis-f\u00fcr-Psychotherapie-Bielefeld-768x512.jpg 768w\" sizes=\"auto, (max-width: 1000px) 100vw, 1000px\" \/><figcaption id=\"caption-attachment-330\" class=\"wp-caption-text\">Dipl. &#8211; Psych. Wolfgang Henrich<\/figcaption><\/figure>\n<blockquote><p>Meist unterscheiden sich diejenigen, die sich f\u00fcr den Gang zu einem Psychotherapeuten entscheiden von den anderen nur darin, dass sie den Mut gefunden haben, es auch zu tun.<\/p><\/blockquote>\n<p>Wieso sollte man nicht genauso bei psychischen Beschwerden professionelle Hilfe in Anspruch nehmen, so wie es die meisten Menschen bei k\u00f6rperlichen Erkrankungen ganz selbstverst\u00e4ndlich tun?<\/p>\n<h3>Psychotherapie &gt; Wahl des Therapeuten: &#8222;Verlassen Sie sich auf Ihre Intuition!&#8220;<\/h3>\n<p>Wenn Sie sich dann auf die Suche nach einem Psychotherapeuten machen, wird die Frage wichtig: F\u00fchle ich mich aufgehoben, habe ich Vertrauen zu diesem Psychotherapeuten? Dabei sollten Sie sich auf Ihre Intuition verlassen. <strong>Haben Sie ein gutes Gef\u00fchl, wenn Sie diesem Menschen gegen\u00fcber sitzen?<\/strong> Dabei k\u00f6nnen kleine Hinweise auch ganz wichtig sein. Um hierzu eine fundierte Entscheidung treffen zu k\u00f6nnen, sind die \u201eprobatorischen Sitzungen\u201c vorgesehen. Gleichzeitig sollte man sich dar\u00fcber im Klaren sein, dass eine Psychotherapie kein Spezialprogramm der Waschmaschine ist, nach dem Motto: \u201ezwingt Grau raus und wei\u00df rein!\u201c (obwohl das ein h\u00e4ufiger Wunsch ist, den ich selbst aus meiner Lehrtherapie kannte und auf den mich mein Lehrer Prof. F. Kanfer hinwies).<\/p>\n<p>Schlie\u00dflich ist es bei dem Unterfangen Psychotherapie wichtig, dass der Klient seine pers\u00f6nlichen (Leidens-) Erfahrungen sowie seine eigene Motivation und der Therapeut seine Erfahrungen sowie seine Ausbildungskompetenz mitbringen. Dann kann eine gute Zusammenarbeit gelingen.<\/p>\n<hr \/>\n<p>Einen Teil meiner pers\u00f6nlichen Erfahrungen habe ich hier auf der Internet Seite in dem Abschnitt <strong>\u201eBiographie\u201c<\/strong> beschrieben.<br \/>\n<a href=\"http:\/\/www.wolfganghenrich.de\/psychotherapie-bielefeld\/biographie\/\">Zur Biographie<\/a><\/p>\n<p>Meine <strong>Arbeitsschwerpunkte<\/strong> beziehen sich haupts\u00e4chlich auf Beziehungsst\u00f6rungen, Angst- und Selbstwertst\u00f6rungen.<br \/>\n<a href=\"http:\/\/www.wolfganghenrich.de\/psychotherapie-bielefeld\/arbeitsschwerpunkte\/\">Zu den \u201eArbeitsschwerpunkten\u201c<\/a><\/p>\n<p>Das wichtigste Element meiner <strong>Ausbildung<\/strong> ist die Gestalt &#8211; Psychotherapie, aus der sich letzten Endes auch verschiedene andere Ausbildungen ergeben haben.<br \/>\nWenn Sie mehr zu meinem Ausbildungshintergrund wissen m\u00f6chten, lesen Sie bitte im Abschnitt <a href=\"http:\/\/www.wolfganghenrich.de\/psychotherapie-bielefeld\/ausbildung\/\">\u201eAusbildung\u201c<\/a> weiter.<\/p>\n<figure id=\"attachment_312\" aria-describedby=\"caption-attachment-312\" style=\"width: 1200px\" class=\"wp-caption alignnone\"><img loading=\"lazy\" decoding=\"async\" class=\"wp-image-312 size-full\" title=\"Wolfgang Henrich Praxis fuer Psychotherapie Bielefeld\" src=\"http:\/\/www.wolfganghenrich.de\/psychotherapie-bielefeld\/wp-content\/uploads\/2016\/02\/Wolfgang-Henrich-Praxis-fuer-Psychotherapie-Bielefeld.jpg\" alt=\"Wolfgang Henrich Praxis fuer Psychotherapie Bielefeld\" width=\"1200\" height=\"343\" srcset=\"https:\/\/wolfganghenrich.de\/psychotherapie-bielefeld\/wp-content\/uploads\/2016\/02\/Wolfgang-Henrich-Praxis-fuer-Psychotherapie-Bielefeld.jpg 1200w, https:\/\/wolfganghenrich.de\/psychotherapie-bielefeld\/wp-content\/uploads\/2016\/02\/Wolfgang-Henrich-Praxis-fuer-Psychotherapie-Bielefeld-300x86.jpg 300w, https:\/\/wolfganghenrich.de\/psychotherapie-bielefeld\/wp-content\/uploads\/2016\/02\/Wolfgang-Henrich-Praxis-fuer-Psychotherapie-Bielefeld-768x220.jpg 768w, https:\/\/wolfganghenrich.de\/psychotherapie-bielefeld\/wp-content\/uploads\/2016\/02\/Wolfgang-Henrich-Praxis-fuer-Psychotherapie-Bielefeld-1024x293.jpg 1024w\" sizes=\"auto, (max-width: 1200px) 100vw, 1200px\" \/><figcaption id=\"caption-attachment-312\" class=\"wp-caption-text\">Psychotherapie &gt; &#8222;Machen Sie den ersten Schritt!&#8220;<\/figcaption><\/figure>\n<h3>So erreichen Sie mich:<\/h3>\n<p>Am besten k\u00f6nnen Sie mich zwischen 12.00 und 12.30 Uhr erreichen, oder Sie hinterlassen Ihre Rufnummer auf dem Anrufbeantworter und ich rufe Sie dann zur\u00fcck, oder Sie nehmen Kontakt per E-Mail auf (n\u00e4here Information unter dem Men\u00fcpunkt <a href=\"http:\/\/www.wolfganghenrich.de\/psychotherapie-bielefeld\/kontakt\/\">Kontakt<\/a>).<br \/>\nWenn Sie an einer Psychotherapie interessiert sind, k\u00f6nnen Sie mit mir telefonisch einen Termin zu einem Vorgespr\u00e4ch vereinbaren. Dieses Vorgespr\u00e4ch (probatorische Sitzung) dient dem ersten gegenseitigen Kennenlernen, bzw. dem Planen einer m\u00f6glichen k\u00fcnftigen Psychotherapie. Hierbei k\u00f6nnen spezielle Fragen zur Psychotherapie, ihre M\u00f6glichkeiten und Grenzen sowie Therapieziele besprochen werden. Die eigentliche Psychotherapie beginnt erst danach. Sie findet meist zu w\u00f6chentlichen Terminen statt, die ca. 50 Minuten dauern.<br \/>\nBringen Sie bitte zu Ihrem ersten Besuch Ihre Chip-Karte (der Krankenversicherung) mit.<br \/>\nSollten Sie noch weitere Fragen haben, rufen Sie mich ruhig an oder schicken Sie mir eine E-Mail.<\/p>\n<hr \/>\n<h4>Psychotherapie &gt; Weiterf\u00fchrende Informationen<\/h4>\n<p>Wer noch mehr \u00fcber Psychotherapie wissen m\u00f6chte, der kann sich die <a href=\"https:\/\/www.bptk.de\/wp-content\/uploads\/2021\/08\/bptk_patientenbroschuere_2021-web3.pdf\" target=\"_blank\" rel=\"noopener\">Brosch\u00fcre der Bundespsychotherapeutenkammer<\/a>\u00a0 herunterladen (PDF-Dokument) oder noch weiter \u00fcber <a href=\"https:\/\/www.wege-zur-psychotherapie.org\/\" target=\"_blank\" rel=\"noopener\">\u201eWege zur Psychotherapie\u201c<\/a>\u00a0 nachlesen.<\/p>\n<p>Wenn Sie sich der Frage, <strong>\u201eWann ist eine Psychotherapie ratsam?\u201c<\/strong> zuwenden wollen, finden Sie auf der Internetseite der <a href=\"https:\/\/www.ptk-nrw.de\/patientenschaft\/psychotherapie-erste-fragen\" target=\"_blank\" rel=\"noopener\">Psychotherapeuten-Kammer NRW<\/a> hilfreiche Antworten.<\/p>\n","protected":false},"excerpt":{"rendered":"<p>Praxis f\u00fcr Psychotherapie Wolfgang Henrich Es ist etwas durchaus Allt\u00e4gliches an psychischen Beschwerden zu leiden. So hat sich jeder schon einmal in einer psychischen Krise befunden oder aber scheinbar unl\u00f6sbaren Konflikten gegen\u00fcber gesehen. Wenn es dann schlie\u00dflich nicht mehr ausreicht,<\/p>\n","protected":false},"author":1,"featured_media":0,"parent":0,"menu_order":0,"comment_status":"closed","ping_status":"closed","template":"","meta":{"footnotes":""},"class_list":["post-2","page","type-page","status-publish","hentry"],"_links":{"self":[{"href":"https:\/\/wolfganghenrich.de\/psychotherapie-bielefeld\/wp-json\/wp\/v2\/pages\/2","targetHints":{"allow":["GET"]}}],"collection":[{"href":"https:\/\/wolfganghenrich.de\/psychotherapie-bielefeld\/wp-json\/wp\/v2\/pages"}],"about":[{"href":"https:\/\/wolfganghenrich.de\/psychotherapie-bielefeld\/wp-json\/wp\/v2\/types\/page"}],"author":[{"embeddable":true,"href":"https:\/\/wolfganghenrich.de\/psychotherapie-bielefeld\/wp-json\/wp\/v2\/users\/1"}],"replies":[{"embeddable":true,"href":"https:\/\/wolfganghenrich.de\/psychotherapie-bielefeld\/wp-json\/wp\/v2\/comments?post=2"}],"version-history":[{"count":21,"href":"https:\/\/wolfganghenrich.de\/psychotherapie-bielefeld\/wp-json\/wp\/v2\/pages\/2\/revisions"}],"predecessor-version":[{"id":418,"href":"https:\/\/wolfganghenrich.de\/psychotherapie-bielefeld\/wp-json\/wp\/v2\/pages\/2\/revisions\/418"}],"wp:attachment":[{"href":"https:\/\/wolfganghenrich.de\/psychotherapie-bielefeld\/wp-json\/wp\/v2\/media?parent=2"}],"curies":[{"name":"wp","href":"https:\/\/api.w.org\/{rel}","templated":true}]}}

<h2>Praxis für Psychotherapie Wolfgang Henrich</h2>
<p>Es ist etwas durchaus Alltägliches an psychischen Beschwerden zu leiden. So hat sich jeder schon einmal in einer psychischen Krise befunden oder aber scheinbar unlösbaren Konflikten gegenüber gesehen. Wenn es dann schließlich nicht mehr ausreicht, sich selbst in aller Ruhe Klarheit zu verschaffen oder aber mit einem vertrauten Menschen darüber auszutauschen und man weiter unter den inneren Prozessen leidet, ist es durchaus angemessen, sich professionelle Unterstützung in Form einer Psychotherapie zu suchen.</p>
<figure id="attachment_330" aria-describedby="caption-attachment-330" style="width: 1000px" class="wp-caption alignnone"><img loading="lazy" decoding="async" class="wp-image-330 size-full" title="Wolfgang Henrich Praxis für Psychotherapie Bielefeld" src="http://www.wolfganghenrich.de/psychotherapie-bielefeld/wp-content/uploads/2016/02/Wolfgang-Henrich-Praxis-für-Psychotherapie-Bielefeld.jpg" alt="Wolfgang Henrich Praxis für Psychotherapie Bielefeld" width="1000" height="667" srcset="https://wolfganghenrich.de/psychotherapie-bielefeld/wp-content/uploads/2016/02/Wolfgang-Henrich-Praxis-für-Psychotherapie-Bielefeld.jpg 1000w, https://wolfganghenrich.de/psychotherapie-bielefeld/wp-content/uploads/2016/02/Wolfgang-Henrich-Praxis-für-Psychotherapie-Bielefeld-300x200.jpg 300w, https://wolfganghenrich.de/psychotherapie-bielefeld/wp-content/uploads/2016/02/Wolfgang-Henrich-Praxis-für-Psychotherapie-Bielefeld-768x512.jpg 768w" sizes="auto, (max-width: 1000px) 100vw, 1000px" /><figcaption id="caption-attachment-330" class="wp-caption-text">Dipl. &#8211; Psych. Wolfgang Henrich</figcaption></figure>
<blockquote><p>Meist unterscheiden sich diejenigen, die sich für den Gang zu einem Psychotherapeuten entscheiden von den anderen nur darin, dass sie den Mut gefunden haben, es auch zu tun.</p></blockquote>
<p>Wieso sollte man nicht genauso bei psychischen Beschwerden professionelle Hilfe in Anspruch nehmen, so wie es die meisten Menschen bei körperlichen Erkrankungen ganz selbstverständlich tun?</p>
<h3>Psychotherapie &gt; Wahl des Therapeuten: &#8222;Verlassen Sie sich auf Ihre Intuition!&#8220;</h3>
<p>Wenn Sie sich dann auf die Suche nach einem Psychotherapeuten machen, wird die Frage wichtig: Fühle ich mich aufgehoben, habe ich Vertrauen zu diesem Psychotherapeuten? Dabei sollten Sie sich auf Ihre Intuition verlassen. <strong>Haben Sie ein gutes Gefühl, wenn Sie diesem Menschen gegenüber sitzen?</strong> Dabei können kleine Hinweise auch ganz wichtig sein. Um hierzu eine fundierte Entscheidung treffen zu können, sind die „probatorischen Sitzungen“ vorgesehen. Gleichzeitig sollte man sich darüber im Klaren sein, dass eine Psychotherapie kein Spezialprogramm der Waschmaschine ist, nach dem Motto: „zwingt Grau raus und weiß rein!“ (obwohl das ein häufiger Wunsch ist, den ich selbst aus meiner Lehrtherapie kannte und auf den mich mein Lehrer Prof. F. Kanfer hinwies).</p>
<p>Schließlich ist es bei dem Unterfangen Psychotherapie wichtig, dass der Klient seine persönlichen (Leidens-) Erfahrungen sowie seine eigene Motivation und der Therapeut seine Erfahrungen sowie seine Ausbildungskompetenz mitbringen. Dann kann eine gute Zusammenarbeit gelingen.</p>
<hr />
<p>Einen Teil meiner persönlichen Erfahrungen habe ich hier auf der Internet Seite in dem Abschnitt <strong>„Biographie“</strong> beschrieben.<br />
<a href="http://www.wolfganghenrich.de/psychotherapie-bielefeld/biographie/">Zur Biographie</a></p>
<p>Meine <strong>Arbeitsschwerpunkte</strong> beziehen sich hauptsächlich auf Beziehungsstörungen, Angst- und Selbstwertstörungen.<br />
<a href="http://www.wolfganghenrich.de/psychotherapie-bielefeld/arbeitsschwerpunkte/">Zu den „Arbeitsschwerpunkten“</a></p>
<p>Das wichtigste Element meiner <strong>Ausbildung</strong> ist die Gestalt &#8211; Psychotherapie, aus der sich letzten Endes auch verschiedene andere Ausbildungen ergeben haben.<br />
Wenn Sie mehr zu meinem Ausbildungshintergrund wissen möchten, lesen Sie bitte im Abschnitt <a href="http://www.wolfganghenrich.de/psychotherapie-bielefeld/ausbildung/">„Ausbildung“</a> weiter.</p>
<figure id="attachment_312" aria-describedby="caption-attachment-312" style="width: 1200px" class="wp-caption alignnone"><img loading="lazy" decoding="async" class="wp-image-312 size-full" title="Wolfgang Henrich Praxis fuer Psychotherapie Bielefeld" src="http://www.wolfganghenrich.de/psychotherapie-bielefeld/wp-content/uploads/2016/02/Wolfgang-Henrich-Praxis-fuer-Psychotherapie-Bielefeld.jpg" alt="Wolfgang Henrich Praxis fuer Psychotherapie Bielefeld" width="1200" height="343" srcset="https://wolfganghenrich.de/psychotherapie-bielefeld/wp-content/uploads/2016/02/Wolfgang-Henrich-Praxis-fuer-Psychotherapie-Bielefeld.jpg 1200w, https://wolfganghenrich.de/psychotherapie-bielefeld/wp-content/uploads/2016/02/Wolfgang-Henrich-Praxis-fuer-Psychotherapie-Bielefeld-300x86.jpg 300w, https://wolfganghenrich.de/psychotherapie-bielefeld/wp-content/uploads/2016/02/Wolfgang-Henrich-Praxis-fuer-Psychotherapie-Bielefeld-768x220.jpg 768w, https://wolfganghenrich.de/psychotherapie-bielefeld/wp-content/uploads/2016/02/Wolfgang-Henrich-Praxis-fuer-Psychotherapie-Bielefeld-1024x293.jpg 1024w" sizes="auto, (max-width: 1200px) 100vw, 1200px" /><figcaption id="caption-attachment-312" class="wp-caption-text">Psychotherapie &gt; &#8222;Machen Sie den ersten Schritt!&#8220;</figcaption></figure>
<h3>So erreichen Sie mich:</h3>
<p>Am besten können Sie mich zwischen 12.00 und 12.30 Uhr erreichen, oder Sie hinterlassen Ihre Rufnummer auf dem Anrufbeantworter und ich rufe Sie dann zurück, oder Sie nehmen Kontakt per E-Mail auf (nähere Information unter dem Menüpunkt <a href="http://www.wolfganghenrich.de/psychotherapie-bielefeld/kontakt/">Kontakt</a>).<br />
Wenn Sie an einer Psychotherapie interessiert sind, können Sie mit mir telefonisch einen Termin zu einem Vorgespräch vereinbaren. Dieses Vorgespräch (probatorische Sitzung) dient dem ersten gegenseitigen Kennenlernen, bzw. dem Planen einer möglichen künftigen Psychotherapie. Hierbei können spezielle Fragen zur Psychotherapie, ihre Möglichkeiten und Grenzen sowie Therapieziele besprochen werden. Die eigentliche Psychotherapie beginnt erst danach. Sie findet meist zu wöchentlichen Terminen statt, die ca. 50 Minuten dauern.<br />
Bringen Sie bitte zu Ihrem ersten Besuch Ihre Chip-Karte (der Krankenversicherung) mit.<br />
Sollten Sie noch weitere Fragen haben, rufen Sie mich ruhig an oder schicken Sie mir eine E-Mail.</p>
<hr />
<h4>Psychotherapie &gt; Weiterführende Informationen</h4>
<p>Wer noch mehr über Psychotherapie wissen möchte, der kann sich die <a href="https://www.bptk.de/wp-content/uploads/2021/08/bptk_patientenbroschuere_2021-web3.pdf" target="_blank" rel="noopener">Broschüre der Bundespsychotherapeutenkammer</a>  herunterladen (PDF-Dokument) oder noch weiter über <a href="https://www.wege-zur-psychotherapie.org/" target="_blank" rel="noopener">„Wege zur Psychotherapie“</a>  nachlesen.</p>
<p>Wenn Sie sich der Frage, <strong>„Wann ist eine Psychotherapie ratsam?“</strong> zuwenden wollen, finden Sie auf der Internetseite der <a href="https://www.ptk-nrw.de/patientenschaft/psychotherapie-erste-fragen" target="_blank" rel="noopener">Psychotherapeuten-Kammer NRW</a> hilfreiche Antworten.</p>

<p>Praxis für Psychotherapie Wolfgang Henrich Es ist etwas durchaus Alltägliches an psychischen Beschwerden zu leiden. So hat sich jeder schon einmal in einer psychischen Krise befunden oder aber scheinbar unlösbaren Konflikten gegenüber gesehen. Wenn es dann schließlich nicht mehr ausreicht,</p>
