{"id":203,"date":"2016-02-22T10:49:07","date_gmt":"2016-02-22T09:49:07","guid":{"rendered":"http:\/\/www.wolfganghenrich.de\/psychotherapie-bielefeld\/?page_id=203"},"modified":"2026-02-06T08:21:02","modified_gmt":"2026-02-06T07:21:02","slug":"ausbildung","status":"publish","type":"page","link":"https:\/\/wolfganghenrich.de\/psychotherapie-bielefeld\/ausbildung\/","title":{"rendered":"Ausbildung"},"content":{"rendered":"<h2>Die Lehrer(innen)<\/h2>\n<div class=\"su-spoiler su-spoiler-style-default su-spoiler-icon-plus-circle su-spoiler-closed\" data-scroll-offset=\"0\" data-anchor-in-url=\"no\"><div class=\"su-spoiler-title\" tabindex=\"0\" role=\"button\"><span class=\"su-spoiler-icon\"><\/span>Katharina Martin <\/div><div class=\"su-spoiler-content su-u-clearfix su-u-trim\"><img loading=\"lazy\" decoding=\"async\" class=\"alignnone wp-image-175 size-full\" src=\"http:\/\/www.wolfganghenrich.de\/psychotherapie-bielefeld\/wp-content\/uploads\/2016\/02\/katharina_martin_72.jpg\" alt=\"katharina_martin_72\" width=\"140\" height=\"185\" \/><\/p>\n<p>Katharina Martin war Psychologin, Mitgr\u00fcnderin des Fritz-Perls-Institut, D\u00fcsseldorf (FPI) und des Institut f\u00fcr integrative Gestalttherapie, W\u00fcrzburg (IGW). Sie entwickelte die &gt; Essentielle Gestaltarbeit &lt;<\/div><\/div>\n<div class=\"su-spoiler su-spoiler-style-default su-spoiler-icon-plus-circle su-spoiler-closed\" data-scroll-offset=\"0\" data-anchor-in-url=\"no\"><div class=\"su-spoiler-title\" tabindex=\"0\" role=\"button\"><span class=\"su-spoiler-icon\"><\/span>Gerald Kogan <\/div><div class=\"su-spoiler-content su-u-clearfix su-u-trim\"><img loading=\"lazy\" decoding=\"async\" class=\"alignnone size-full wp-image-216\" src=\"http:\/\/www.wolfganghenrich.de\/psychotherapie-bielefeld\/wp-content\/uploads\/2016\/02\/gerald-kogan.jpg\" alt=\"gerald kogan\" width=\"339\" height=\"510\" srcset=\"https:\/\/wolfganghenrich.de\/psychotherapie-bielefeld\/wp-content\/uploads\/2016\/02\/gerald-kogan.jpg 339w, https:\/\/wolfganghenrich.de\/psychotherapie-bielefeld\/wp-content\/uploads\/2016\/02\/gerald-kogan-199x300.jpg 199w\" sizes=\"auto, (max-width: 339px) 100vw, 339px\" \/><\/p>\n<p>Gerald Kogan, Psychologe, war Ausbilder des Gestalt Institute San Francisco und Gr\u00fcnder des Gestalt-Education-Network-International, Frankfurt (GENI) sowie Mitbegr\u00fcnder der deutschen Vereinigung f\u00fcr Gestalttherapie (DVG). Er ist 2013 verstorben.<\/div><\/div>\n<div class=\"su-spoiler su-spoiler-style-default su-spoiler-icon-plus-circle su-spoiler-closed\" data-scroll-offset=\"0\" data-anchor-in-url=\"no\"><div class=\"su-spoiler-title\" tabindex=\"0\" role=\"button\"><span class=\"su-spoiler-icon\"><\/span>Robert Hall <\/div><div class=\"su-spoiler-content su-u-clearfix su-u-trim\"><img loading=\"lazy\" decoding=\"async\" class=\"alignnone size-full wp-image-218\" src=\"http:\/\/www.wolfganghenrich.de\/psychotherapie-bielefeld\/wp-content\/uploads\/2016\/02\/Robert-Hall1.jpg\" alt=\"robert hall\" width=\"297\" height=\"306\" srcset=\"https:\/\/wolfganghenrich.de\/psychotherapie-bielefeld\/wp-content\/uploads\/2016\/02\/Robert-Hall1.jpg 297w, https:\/\/wolfganghenrich.de\/psychotherapie-bielefeld\/wp-content\/uploads\/2016\/02\/Robert-Hall1-291x300.jpg 291w\" sizes=\"auto, (max-width: 297px) 100vw, 297px\" \/><\/p>\n<p>Robert Hall, Arzt, war Mitgr\u00fcnder der &#8222;Lomi-School&#8220; und des Gestalt-Institute von San Francisco.<\/div><\/div>\n<div class=\"su-spoiler su-spoiler-style-default su-spoiler-icon-plus-circle su-spoiler-closed\" data-scroll-offset=\"0\" data-anchor-in-url=\"no\"><div class=\"su-spoiler-title\" tabindex=\"0\" role=\"button\"><span class=\"su-spoiler-icon\"><\/span>Jim Kepner <\/div><div class=\"su-spoiler-content su-u-clearfix su-u-trim\"><img loading=\"lazy\" decoding=\"async\" class=\"alignnone size-full wp-image-220\" src=\"http:\/\/www.wolfganghenrich.de\/psychotherapie-bielefeld\/wp-content\/uploads\/2016\/02\/Jim-Kepner.jpg\" alt=\"Jim Kepner\" width=\"248\" height=\"331\" srcset=\"https:\/\/wolfganghenrich.de\/psychotherapie-bielefeld\/wp-content\/uploads\/2016\/02\/Jim-Kepner.jpg 248w, https:\/\/wolfganghenrich.de\/psychotherapie-bielefeld\/wp-content\/uploads\/2016\/02\/Jim-Kepner-225x300.jpg 225w\" sizes=\"auto, (max-width: 248px) 100vw, 248px\" \/><\/p>\n<p>Jim Kepner, ist Psychologe, Ausbilder an verschiedenen Gestaltinstituten, hat unter anderm &#8222;Gestalt-K\u00f6rperprozesse&#8220; und &#8222;Healing Tasks&#8220; (zur Psychotherapie mit Missbrauchsopfern) geschrieben.<\/div><\/div>\n<div class=\"su-spoiler su-spoiler-style-default su-spoiler-icon-plus-circle su-spoiler-closed\" data-scroll-offset=\"0\" data-anchor-in-url=\"no\"><div class=\"su-spoiler-title\" tabindex=\"0\" role=\"button\"><span class=\"su-spoiler-icon\"><\/span>Hanscarl Leuner <\/div><div class=\"su-spoiler-content su-u-clearfix su-u-trim\"><img loading=\"lazy\" decoding=\"async\" class=\"alignnone size-full wp-image-222\" src=\"http:\/\/www.wolfganghenrich.de\/psychotherapie-bielefeld\/wp-content\/uploads\/2016\/02\/Hanscarl-Leuner.jpg\" alt=\"Hanscarl Leuner\" width=\"190\" height=\"268\" \/><\/p>\n<p>Hanscarl Leuner, Psychiater und Psychoanalytiker, war Begr\u00fcnder des &#8222;Katathymen-Bilderlebens&#8220; und Pionier bei der wissenschaftlichen Erforschung und psychotherapeutischen Nutzung psychoaktiver Substanzen (der &#8222;Psycholytischen Psychotherapie&#8220;)<\/div><\/div>\n<div class=\"su-spoiler su-spoiler-style-default su-spoiler-icon-plus-circle su-spoiler-closed\" data-scroll-offset=\"0\" data-anchor-in-url=\"no\"><div class=\"su-spoiler-title\" tabindex=\"0\" role=\"button\"><span class=\"su-spoiler-icon\"><\/span>Michael Smith <\/div><div class=\"su-spoiler-content su-u-clearfix su-u-trim\">\n<p>Michael Smith, war Psychologe und Ausbilder der &#8222;Lomi-School&#8220; und Gestaltausbilder verschiedener Gestaltinstitute in den USA und in Europa. Er ist 1989 verstorben.<\/div><\/div>\n<div class=\"su-spoiler su-spoiler-style-default su-spoiler-icon-plus-circle su-spoiler-closed\" data-scroll-offset=\"0\" data-anchor-in-url=\"no\"><div class=\"su-spoiler-title\" tabindex=\"0\" role=\"button\"><span class=\"su-spoiler-icon\"><\/span>Ernestine Ward <\/div><div class=\"su-spoiler-content su-u-clearfix su-u-trim\"><img loading=\"lazy\" decoding=\"async\" class=\"alignnone size-full wp-image-225\" src=\"http:\/\/www.wolfganghenrich.de\/psychotherapie-bielefeld\/wp-content\/uploads\/2016\/02\/Ernestine-Ward.jpg\" alt=\"Ernestine Ward\" width=\"234\" height=\"257\" \/><\/p>\n<p>Ernestine Ward, Psychologin, ist Ausbilderin der &#8222;Lomi-School&#8220; und des Instituts f\u00fcr Posturale Integration.<\/div><\/div>\n<div class=\"su-spoiler su-spoiler-style-default su-spoiler-icon-plus-circle su-spoiler-closed\" data-scroll-offset=\"0\" data-anchor-in-url=\"no\"><div class=\"su-spoiler-title\" tabindex=\"0\" role=\"button\"><span class=\"su-spoiler-icon\"><\/span>Arthur Munyer <\/div><div class=\"su-spoiler-content su-u-clearfix su-u-trim\"><img loading=\"lazy\" decoding=\"async\" class=\"alignnone size-full wp-image-227\" src=\"http:\/\/www.wolfganghenrich.de\/psychotherapie-bielefeld\/wp-content\/uploads\/2016\/02\/arthur-munyer.jpg\" alt=\"arthur munyer\" width=\"150\" height=\"200\" \/><\/p>\n<p>Arthur Munyer, Esalen K\u00f6rperpsychotherapeut und Traumatherapeut (Somatic Experiencing nach Peter Levine). Er entwickelte die &#8222;Neural Somatic Integration&#8220; (NSI)<\/div><\/div>\n<div class=\"su-spoiler su-spoiler-style-default su-spoiler-icon-plus-circle su-spoiler-closed\" data-scroll-offset=\"0\" data-anchor-in-url=\"no\"><div class=\"su-spoiler-title\" tabindex=\"0\" role=\"button\"><span class=\"su-spoiler-icon\"><\/span>Stanislav Grof <\/div><div class=\"su-spoiler-content su-u-clearfix su-u-trim\"><img loading=\"lazy\" decoding=\"async\" class=\"alignnone size-full wp-image-229\" src=\"http:\/\/www.wolfganghenrich.de\/psychotherapie-bielefeld\/wp-content\/uploads\/2016\/02\/Stan-Grof.jpg\" alt=\"Stan Grof\" width=\"173\" height=\"272\" \/><\/p>\n<p>Stanislav Grof , Psychotherapeut und Psychiater. Er ist Mitbegr\u00fcnder der &#8222;transpersonalen Psychologie&#8220;, forschte mit psychoaktiven Substanten (LSD) und entwickelte die &#8222;Holotrope Atemarbeit&#8220;.<\/div><\/div>\n<div class=\"su-spoiler su-spoiler-style-default su-spoiler-icon-plus-circle su-spoiler-closed\" data-scroll-offset=\"0\" data-anchor-in-url=\"no\"><div class=\"su-spoiler-title\" tabindex=\"0\" role=\"button\"><span class=\"su-spoiler-icon\"><\/span>Tom Holmes <\/div><div class=\"su-spoiler-content su-u-clearfix su-u-trim\"><img loading=\"lazy\" decoding=\"async\" class=\"alignnone wp-image-457 size-medium\" src=\"https:\/\/wolfganghenrich.de\/psychotherapie-bielefeld\/wp-content\/uploads\/2026\/02\/TomHolmes-227x300.jpg\" alt=\"Tom Holmes\" width=\"227\" height=\"300\" srcset=\"https:\/\/wolfganghenrich.de\/psychotherapie-bielefeld\/wp-content\/uploads\/2026\/02\/TomHolmes-227x300.jpg 227w, https:\/\/wolfganghenrich.de\/psychotherapie-bielefeld\/wp-content\/uploads\/2026\/02\/TomHolmes.jpg 337w\" sizes=\"auto, (max-width: 227px) 100vw, 227px\" \/><\/p>\n<p>Tom Holmes, MSW, PhD: \u201eMein Ziel ist es, Therapeuten dabei zu unterst\u00fctzen, aus ihrem Selbst heraus zu arbeiten und einen offenen Zugang zu ihrem Herzen zu finden. Gelingt ihnen dies, erm\u00f6glicht es ihnen, tiefes Mitgef\u00fchl nachhaltig zu entwickeln und gleichzeitig die therapeutischen Bedingungen zu schaffen, die laut Forschungsergebnissen entscheidend f\u00fcr die Heilung sind. Ich sehe meine Workshops als ein \u201ctuning the heart of the healer\u201d.<\/p>\n<p><a href=\"https:\/\/www.wingedheart.org\/_files\/ugd\/29bf60_94256e9e73f14f7dab6cfa27a595c831.doc?dn=Holmes%20vita%202019%20short.doc\" target=\"_blank\" rel=\"noopener\">Curiculum Vitae<\/a><br \/>\n<\/div><\/div>\n","protected":false},"excerpt":{"rendered":"<p>Die Lehrer(innen)<\/p>\n","protected":false},"author":1,"featured_media":0,"parent":0,"menu_order":0,"comment_status":"closed","ping_status":"closed","template":"","meta":{"footnotes":""},"class_list":["post-203","page","type-page","status-publish","hentry"],"_links":{"self":[{"href":"https:\/\/wolfganghenrich.de\/psychotherapie-bielefeld\/wp-json\/wp\/v2\/pages\/203","targetHints":{"allow":["GET"]}}],"collection":[{"href":"https:\/\/wolfganghenrich.de\/psychotherapie-bielefeld\/wp-json\/wp\/v2\/pages"}],"about":[{"href":"https:\/\/wolfganghenrich.de\/psychotherapie-bielefeld\/wp-json\/wp\/v2\/types\/page"}],"author":[{"embeddable":true,"href":"https:\/\/wolfganghenrich.de\/psychotherapie-bielefeld\/wp-json\/wp\/v2\/users\/1"}],"replies":[{"embeddable":true,"href":"https:\/\/wolfganghenrich.de\/psychotherapie-bielefeld\/wp-json\/wp\/v2\/comments?post=203"}],"version-history":[{"count":39,"href":"https:\/\/wolfganghenrich.de\/psychotherapie-bielefeld\/wp-json\/wp\/v2\/pages\/203\/revisions"}],"predecessor-version":[{"id":458,"href":"https:\/\/wolfganghenrich.de\/psychotherapie-bielefeld\/wp-json\/wp\/v2\/pages\/203\/revisions\/458"}],"wp:attachment":[{"href":"https:\/\/wolfganghenrich.de\/psychotherapie-bielefeld\/wp-json\/wp\/v2\/media?parent=203"}],"curies":[{"name":"wp","href":"https:\/\/api.w.org\/{rel}","templated":true}]}}

<h2>Die Lehrer(innen)</h2>
<div class="su-spoiler su-spoiler-style-default su-spoiler-icon-plus-circle su-spoiler-closed" data-scroll-offset="0" data-anchor-in-url="no"><div class="su-spoiler-title" tabindex="0" role="button"><span class="su-spoiler-icon"></span>Katharina Martin </div><div class="su-spoiler-content su-u-clearfix su-u-trim"><img loading="lazy" decoding="async" class="alignnone wp-image-175 size-full" src="http://www.wolfganghenrich.de/psychotherapie-bielefeld/wp-content/uploads/2016/02/katharina_martin_72.jpg" alt="katharina_martin_72" width="140" height="185" /></p>
<p>Katharina Martin war Psychologin, Mitgründerin des Fritz-Perls-Institut, Düsseldorf (FPI) und des Institut für integrative Gestalttherapie, Würzburg (IGW). Sie entwickelte die &gt; Essentielle Gestaltarbeit &lt;</div></div>
<div class="su-spoiler su-spoiler-style-default su-spoiler-icon-plus-circle su-spoiler-closed" data-scroll-offset="0" data-anchor-in-url="no"><div class="su-spoiler-title" tabindex="0" role="button"><span class="su-spoiler-icon"></span>Gerald Kogan </div><div class="su-spoiler-content su-u-clearfix su-u-trim"><img loading="lazy" decoding="async" class="alignnone size-full wp-image-216" src="http://www.wolfganghenrich.de/psychotherapie-bielefeld/wp-content/uploads/2016/02/gerald-kogan.jpg" alt="gerald kogan" width="339" height="510" srcset="https://wolfganghenrich.de/psychotherapie-bielefeld/wp-content/uploads/2016/02/gerald-kogan.jpg 339w, https://wolfganghenrich.de/psychotherapie-bielefeld/wp-content/uploads/2016/02/gerald-kogan-199x300.jpg 199w" sizes="auto, (max-width: 339px) 100vw, 339px" /></p>
<p>Gerald Kogan, Psychologe, war Ausbilder des Gestalt Institute San Francisco und Gründer des Gestalt-Education-Network-International, Frankfurt (GENI) sowie Mitbegründer der deutschen Vereinigung für Gestalttherapie (DVG). Er ist 2013 verstorben.</div></div>
<div class="su-spoiler su-spoiler-style-default su-spoiler-icon-plus-circle su-spoiler-closed" data-scroll-offset="0" data-anchor-in-url="no"><div class="su-spoiler-title" tabindex="0" role="button"><span class="su-spoiler-icon"></span>Robert Hall </div><div class="su-spoiler-content su-u-clearfix su-u-trim"><img loading="lazy" decoding="async" class="alignnone size-full wp-image-218" src="http://www.wolfganghenrich.de/psychotherapie-bielefeld/wp-content/uploads/2016/02/Robert-Hall1.jpg" alt="robert hall" width="297" height="306" srcset="https://wolfganghenrich.de/psychotherapie-bielefeld/wp-content/uploads/2016/02/Robert-Hall1.jpg 297w, https://wolfganghenrich.de/psychotherapie-bielefeld/wp-content/uploads/2016/02/Robert-Hall1-291x300.jpg 291w" sizes="auto, (max-width: 297px) 100vw, 297px" /></p>
<p>Robert Hall, Arzt, war Mitgründer der &#8222;Lomi-School&#8220; und des Gestalt-Institute von San Francisco.</div></div>
<div class="su-spoiler su-spoiler-style-default su-spoiler-icon-plus-circle su-spoiler-closed" data-scroll-offset="0" data-anchor-in-url="no"><div class="su-spoiler-title" tabindex="0" role="button"><span class="su-spoiler-icon"></span>Jim Kepner </div><div class="su-spoiler-content su-u-clearfix su-u-trim"><img loading="lazy" decoding="async" class="alignnone size-full wp-image-220" src="http://www.wolfganghenrich.de/psychotherapie-bielefeld/wp-content/uploads/2016/02/Jim-Kepner.jpg" alt="Jim Kepner" width="248" height="331" srcset="https://wolfganghenrich.de/psychotherapie-bielefeld/wp-content/uploads/2016/02/Jim-Kepner.jpg 248w, https://wolfganghenrich.de/psychotherapie-bielefeld/wp-content/uploads/2016/02/Jim-Kepner-225x300.jpg 225w" sizes="auto, (max-width: 248px) 100vw, 248px" /></p>
<p>Jim Kepner, ist Psychologe, Ausbilder an verschiedenen Gestaltinstituten, hat unter anderm &#8222;Gestalt-Körperprozesse&#8220; und &#8222;Healing Tasks&#8220; (zur Psychotherapie mit Missbrauchsopfern) geschrieben.</div></div>
<div class="su-spoiler su-spoiler-style-default su-spoiler-icon-plus-circle su-spoiler-closed" data-scroll-offset="0" data-anchor-in-url="no"><div class="su-spoiler-title" tabindex="0" role="button"><span class="su-spoiler-icon"></span>Hanscarl Leuner </div><div class="su-spoiler-content su-u-clearfix su-u-trim"><img loading="lazy" decoding="async" class="alignnone size-full wp-image-222" src="http://www.wolfganghenrich.de/psychotherapie-bielefeld/wp-content/uploads/2016/02/Hanscarl-Leuner.jpg" alt="Hanscarl Leuner" width="190" height="268" /></p>
<p>Hanscarl Leuner, Psychiater und Psychoanalytiker, war Begründer des &#8222;Katathymen-Bilderlebens&#8220; und Pionier bei der wissenschaftlichen Erforschung und psychotherapeutischen Nutzung psychoaktiver Substanzen (der &#8222;Psycholytischen Psychotherapie&#8220;)</div></div>
<div class="su-spoiler su-spoiler-style-default su-spoiler-icon-plus-circle su-spoiler-closed" data-scroll-offset="0" data-anchor-in-url="no"><div class="su-spoiler-title" tabindex="0" role="button"><span class="su-spoiler-icon"></span>Michael Smith </div><div class="su-spoiler-content su-u-clearfix su-u-trim">
<p>Michael Smith, war Psychologe und Ausbilder der &#8222;Lomi-School&#8220; und Gestaltausbilder verschiedener Gestaltinstitute in den USA und in Europa. Er ist 1989 verstorben.</div></div>
<div class="su-spoiler su-spoiler-style-default su-spoiler-icon-plus-circle su-spoiler-closed" data-scroll-offset="0" data-anchor-in-url="no"><div class="su-spoiler-title" tabindex="0" role="button"><span class="su-spoiler-icon"></span>Ernestine Ward </div><div class="su-spoiler-content su-u-clearfix su-u-trim"><img loading="lazy" decoding="async" class="alignnone size-full wp-image-225" src="http://www.wolfganghenrich.de/psychotherapie-bielefeld/wp-content/uploads/2016/02/Ernestine-Ward.jpg" alt="Ernestine Ward" width="234" height="257" /></p>
<p>Ernestine Ward, Psychologin, ist Ausbilderin der &#8222;Lomi-School&#8220; und des Instituts für Posturale Integration.</div></div>
<div class="su-spoiler su-spoiler-style-default su-spoiler-icon-plus-circle su-spoiler-closed" data-scroll-offset="0" data-anchor-in-url="no"><div class="su-spoiler-title" tabindex="0" role="button"><span class="su-spoiler-icon"></span>Arthur Munyer </div><div class="su-spoiler-content su-u-clearfix su-u-trim"><img loading="lazy" decoding="async" class="alignnone size-full wp-image-227" src="http://www.wolfganghenrich.de/psychotherapie-bielefeld/wp-content/uploads/2016/02/arthur-munyer.jpg" alt="arthur munyer" width="150" height="200" /></p>
<p>Arthur Munyer, Esalen Körperpsychotherapeut und Traumatherapeut (Somatic Experiencing nach Peter Levine). Er entwickelte die &#8222;Neural Somatic Integration&#8220; (NSI)</div></div>
<div class="su-spoiler su-spoiler-style-default su-spoiler-icon-plus-circle su-spoiler-closed" data-scroll-offset="0" data-anchor-in-url="no"><div class="su-spoiler-title" tabindex="0" role="button"><span class="su-spoiler-icon"></span>Stanislav Grof </div><div class="su-spoiler-content su-u-clearfix su-u-trim"><img loading="lazy" decoding="async" class="alignnone size-full wp-image-229" src="http://www.wolfganghenrich.de/psychotherapie-bielefeld/wp-content/uploads/2016/02/Stan-Grof.jpg" alt="Stan Grof" width="173" height="272" /></p>
<p>Stanislav Grof , Psychotherapeut und Psychiater. Er ist Mitbegründer der &#8222;transpersonalen Psychologie&#8220;, forschte mit psychoaktiven Substanten (LSD) und entwickelte die &#8222;Holotrope Atemarbeit&#8220;.</div></div>
<div class="su-spoiler su-spoiler-style-default su-spoiler-icon-plus-circle su-spoiler-closed" data-scroll-offset="0" data-anchor-in-url="no"><div class="su-spoiler-title" tabindex="0" role="button"><span class="su-spoiler-icon"></span>Tom Holmes </div><div class="su-spoiler-content su-u-clearfix su-u-trim"><img loading="lazy" decoding="async" class="alignnone wp-image-457 size-medium" src="https://wolfganghenrich.de/psychotherapie-bielefeld/wp-content/uploads/2026/02/TomHolmes-227x300.jpg" alt="Tom Holmes" width="227" height="300" srcset="https://wolfganghenrich.de/psychotherapie-bielefeld/wp-content/uploads/2026/02/TomHolmes-227x300.jpg 227w, https://wolfganghenrich.de/psychotherapie-bielefeld/wp-content/uploads/2026/02/TomHolmes.jpg 337w" sizes="auto, (max-width: 227px) 100vw, 227px" /></p>
<p>Tom Holmes, MSW, PhD: „Mein Ziel ist es, Therapeuten dabei zu unterstützen, aus ihrem Selbst heraus zu arbeiten und einen offenen Zugang zu ihrem Herzen zu finden. Gelingt ihnen dies, ermöglicht es ihnen, tiefes Mitgefühl nachhaltig zu entwickeln und gleichzeitig die therapeutischen Bedingungen zu schaffen, die laut Forschungsergebnissen entscheidend für die Heilung sind. Ich sehe meine Workshops als ein “tuning the heart of the healer”.</p>
<p><a href="https://www.wingedheart.org/_files/ugd/29bf60_94256e9e73f14f7dab6cfa27a595c831.doc?dn=Holmes%20vita%202019%20short.doc" target="_blank" rel="noopener">Curiculum Vitae</a><br />
</div></div>
